8)?
4
What is the tens digit of (212/14)/((-1)/(-7))?
0
Let x = -8 - -11. Suppose x*p - 47 = 7. What is the tens digit of p?
1
Let y be -1*3 + -2 + 3. Let j(o) = o**3 + 2*o**2 + 2. Let t be j(y). Suppose -t*h + 4*n = -4 - 2, -3*n - 3 = 0. What is the units digit of h?
1
Let j = -27 + 39. What is the units digit of j?
2
Suppose -3*h - 11 = 2*a - 48, 3*a - 2*h = 88. What is the units digit of a?
6
Let s be 22*(-1)/4*2. Let m = -15 - s. What is the units digit of 18/m*16/(-12)?
6
Suppose -3*d + 95 = -c, -3*c + 6*c = -3*d + 99. What is the units digit of d?
2
Suppose -3*k - 2 = -h, -4*h = 2*k - k - 8. Suppose 3*v = -h*u - u + 15, 3*u - 10 = -4*v. What is the tens digit of u?
1
Let x = -30 + 91. What is the tens digit of x?
6
Suppose 12 = 5*p - 88. What is the units digit of p?
0
Let g(z) = -z - 1. Let j be g(-9). Suppose -l + 297 = 2*l - 3*w, 0 = -5*l + w + 479. Suppose -3*t + j*t = l. What is the units digit of t?
9
Let w(o) = -o**2 + 3*o - 7. Let u(q) = q**2 - 4*q + 6. Let f(d) = 3*u(d) + 2*w(d). Let y be ((-8)/(-2))/((-4)/(-6)). What is the units digit of f(y)?
4
Suppose -1 = t + 2. Let j = 7 + t. Suppose h + j*x = -8, -2*h + 4*x = -4*h. What is the units digit of h?
8
Let q(p) = p + 9 + 0 + 1. Let k(v) = -v**2 + 2*v + 6. Let r be k(5). What is the units digit of q(r)?
1
Let d(l) = -l**2 - 8*l - 5. Let n be d(-7). Suppose 17 = -3*z + 4*s, -n*z = -2*s + 5 + 9. What is the units digit of -2 - 3/(3/z)?
9
Let a = -10 - -16. Let b be ((-16)/a)/((-6)/9). Suppose t - b*t = -42. What is the tens digit of t?
1
Suppose 0*b - 285 = -5*b. What is the units digit of b?
7
Suppose 2*g - 3*g = 11. Let c = -5 - g. Suppose 0 = -2*u + c + 14. What is the tens digit of u?
1
Let t(p) = -p. Let v be t(-7). Suppose 0 = v*s + 2 - 44. What is the units digit of s?
6
Suppose 4*c = 12, -2*o + c = -2 + 7. Let k be 0 + o - (-3 - 1). Suppose 0 = y - 4*i + 1, 2*i - 3*i + k = 0. What is the units digit of y?
1
Suppose -2*l = -3*v + 1164, -4*v - 2 = 6. What is the tens digit of ((-12)/(-10))/((-18)/l)?
3
Let l = -11 + 90. What is the tens digit of l?
7
Let w(a) = -2*a + 5. Let g be w(4). Let y = 0 - g. Suppose -y*p + 2 = -o + 5, -5*p = 0. What is the units digit of o?
3
Let y = -5 - -10. Let l(w) = w**2 - 6*w + 2. Let n(m) = 1. Let s(g) = -l(g) + 6*n(g). What is the units digit of s(y)?
9
Let a(k) = 2*k**2 + 8*k - 2. Let d = 6 - 12. Let q be a(d). Let r = q - 12. What is the tens digit of r?
1
Let b be 75/(-2)*(2 - 0). What is the units digit of b/(-4) - (-2)/8?
9
Let j = -96 + 157. What is the units digit of j?
1
Let i(l) be the third derivative of -l**5/60 - 11*l**4/24 - 3*l**3/2 - l**2. Let t = -5 + -3. What is the units digit of i(t)?
5
Let n = 6 + -7. Let a = 5 + n. What is the units digit of a?
4
Let d be -2 + 1*(-1 - -4). Let j be (2*(d - -2))/2. Suppose -j*t - 2*t = -25. What is the units digit of t?
5
Suppose 2*r + 269 = 3*a, -2*a + 84 + 102 = 2*r. What is the units digit of a?
1
Let b = 2 - -8. What is the units digit of b?
0
Suppose -5*a + 4 - 69 = 0. Let v = 31 + a. What is the tens digit of v?
1
Let a be 12/(((-1)/1)/(-2)). Suppose -40 + 6 = -2*f - n, 58 = 3*f - 2*n. Suppose -2*d - 3 = 5*i - a, f = 4*i + d. What is the units digit of i?
5
Let i = -42 - -61. What is the units digit of i?
9
Let p = 1069 - 629. What is the tens digit of p?
4
Suppose 2*r = 7*r - 105. What is the tens digit of r?
2
Let k be (12 - 2)/(-1)*-2. Suppose -h + 3 = -y + 1, 0 = -5*h - 5*y - k. What is the units digit of 3/1 + (-1)/h?
4
Let q(x) = 154*x + 3. Let u be q(-3). What is the tens digit of u/(-45) - (-2)/(-10)?
1
Let q = 214 - 138. What is the tens digit of q?
7
Let r(i) = 2*i**3 - 6*i**2 - 4*i - 4. Let z be r(5). Let w = z + -54. What is the units digit of w?
2
Suppose 4*u - 934 = -2*a, 4*u - 944 = -9*a + 5*a. What is the units digit of u?
1
Let s = 2 - -8. What is the units digit of s?
0
Suppose 0 = -0*p + 4*p - 168. Let h = p + -18. Let k = h - 17. What is the units digit of k?
7
Suppose 6*q - 5*a = 9*q - 302, -193 = -2*q - 5*a. What is the hundreds digit of q?
1
Suppose -9 = 5*r - 24. Suppose -r*d = 11 - 86. What is the units digit of d?
5
Let t = -152 - -241. What is the tens digit of t?
8
Suppose 4*b + 3*f - f = 224, f + 2 = 0. Suppose 3*n + 0*n = b. What is the units digit of n?
9
Let v(i) = i**2 + 2*i - 5. What is the units digit of v(-4)?
3
Let g(b) = b**3 + 6*b**2 - 6*b - 8. Let o be g(-7). Let d = -1 - o. What is the units digit of d?
4
Suppose u = 6*u - 75. What is the tens digit of 41/3*45/u?
4
Let d = 64 + -32. What is the tens digit of d?
3
What is the tens digit of 2/3 - (-3055)/39?
7
Suppose -g + 340 = 3*g - 5*p, 5*g - 384 = -4*p. What is the tens digit of g?
8
Let o(j) = -j - 1. Let s be o(-5). Suppose 12 + 16 = x - 2*c, -3*x - s*c = -44. Suppose 0 = -4*p + w + x, 5*p - 10 = -w + 15. What is the units digit of p?
5
Let j(z) = z**2 + 7*z + 14. Let h be j(-7). Suppose 0 = -q + h + 1. What is the units digit of q?
5
What is the units digit of (-40)/(-18) + 4/(-18)?
2
Suppose 2*d = 4*d - 118. What is the tens digit of d?
5
Let k = -4 + 7. Suppose -k*p = 2*h - 3, 0 = -h + 3*h + p - 13. What is the units digit of h?
9
Let t be (-14*(-3)/(-3))/2. Let r(z) be the second derivative of -z**3/3 - 7*z**2/2 - z. What is the units digit of r(t)?
7
Suppose -33 = -4*h + 71. Let l = 41 - h. What is the tens digit of l?
1
Let g be (-1)/((-1)/4 - 0). Suppose -4*y - g = -5*y. What is the units digit of y?
4
Let k(s) = 7*s**3 - 2*s - 1. Let w be k(-1). What is the units digit of (-2)/w - (-40)/6?
7
Suppose -35 - 31 = -3*f. What is the tens digit of f?
2
Let s(g) = -2*g + 12 + 1 + g. Let i be s(0). Suppose -i = 5*a - 58. What is the units digit of a?
9
Let c = 3 - -7. Suppose -54 = -4*z - 2*u + 4*u, -5*z + 5*u = -60. What is the units digit of 4/c + 9/z?
1
Let j be 108*(-6)/((-18)/5). Suppose -2*u - 76 = -2*q, 0 = 5*q - q + 3*u - j. What is the tens digit of q?
4
Let w(n) = 19*n + 13. What is the tens digit of w(4)?
8
Let f(z) = z + 1. Let r be f(4). Suppose -2*l + 1 = r. What is the units digit of ((-9)/l)/((-1)/(-2))?
9
Let u(f) = 18*f**3 + 1. Suppose -s - 1 = -5*l, 0 = 3*l - s + 2*s - 7. Let p be u(l). Suppose 0 = 4*g - q - 28, 5*g = 4*q + 5 + p. What is the units digit of g?
8
Suppose -4*v + 210 = v. What is the tens digit of v?
4
Suppose 4*w = o - 5*o - 24, 3 = 2*o + 5*w. Let p(k) = -k**2 - 5*k + 10. Let y be p(-7). Let q = y - o. What is the units digit of q?
7
Suppose 2*u + 0 - 2 = 0. Let w = u + 3. Suppose w*o - 42 = -2*l, -3*l - o + 38 = -0*l. What is the tens digit of l?
1
Suppose -v + 17 = -136. What is the tens digit of v?
5
What is the tens digit of (1947/44)/((-19)/(-8) - 2)?
1
Suppose -3*l + 174 = -15. What is the units digit of l?
3
Let o(i) = -i - 4. Let d be o(-8). Suppose 2*h = c - 8, c - d*h = -0*c + 10. What is the units digit of c?
6
Let u(p) = p**3 - 6*p**2 + 5*p - 2. Let r be u(5). Suppose 0 = s - 5*s + 28. What is the units digit of r/s + 30/7?
4
Suppose 2*y + 48 = 3*y - q, 2*y + 5*q = 68. Suppose 2*i - o = 5*i - 32, y = 2*i - 5*o. Let v = i - -4. What is the units digit of v?
6
Let t(z) = z**3 + 8*z**2 - 3*z + 9. What is the units digit of t(-8)?
3
Let q(x) = -x**3 - 3*x**2 + 4*x - 1. Let d be q(-4). Let y = d - -5. Suppose -y*n - n - 4*a = -32, 2*n - 5*a = -7. What is the units digit of n?
4
Let o(k) = -k**3 - 4*k**2 + 2*k - 2. Let s be o(-6). Suppose 2*q = -3*f + q + s, -f = -3*q - 26. What is the units digit of f?
0
Let w(x) = 2*x**3 - x**2 - 4*x - 9. What is the tens digit of w(4)?
8
Let l(w) = -3*w - 9. What is the units digit of l(-9)?
8
What is the tens digit of (186/(-4))/(39/(-6) + 6)?
9
Suppose -p + 7 = -4*d - 3, 3*d - 2*p + 5 = 0. What is the units digit of d/(-2) - 4/(-8)?
2
Let b(u) = u**2 - u - 2. Let h(c) = -c**2 + 3. Let g(s) = -4*b(s) - 5*h(s). What is the units digit of g(-7)?
4
What is the units digit of 0 - 1 - 15/(-3)?
4
Let f = -37 - -69. Let x = f - 2. Suppose 0 = -4*l + x - 10. What is the units digit of l?
5
Let g(n) = n**3 + 15*n**2 - 6*n + 2. What is the units digit of g(-15)?
2
Let c(d) = d**2 + 8*d + 6. What is the units digit of c(6)?
0
Let r(p) = 2*p**2 - p - 4. Let k be r(3). Suppose o - 4 = -b, 3*b + 3*o - k = b. What is the units digit of b?
1
Let k = -68 + 139. What is the tens digit of k?
7
Suppose 5*c - 44 = 76. What is t